s -1111202012 + 0?
-1111202012
In base 15, what is 31e - -38d?
6ac
In base 16, what is 80a27 + -6?
80a21
In base 2, what is 1001011 - 100000100?
-10111001
In base 2, what is -1000111100001111 + 0?
-1000111100001111
In base 5, what is 12412 - 3?
12404
In base 7, what is -4 + -5042?
-5046
In base 16, what is 1d76 + 8?
1d7e
In base 10, what is 12081 + 4?
12085
In base 14, what is 7ba + -16d?
64b
In base 16, what is -64c3 - 124?
-65e7
In base 16, what is -42039 + 3?
-42036
In base 6, what is 10443033 + 0?
10443033
In base 3, what is -2222020 + -102?
-2222122
In base 5, what is -12 + 10244?
10232
In base 12, what is -1a4 + 94?
-110
In base 12, what is a + -7820?
-7812
In base 2, what is -10 + -10001100110?
-10001101000
In base 9, what is 7 - 656620?
-656612
In base 13, what is -49366 - 1?
-49367
In base 11, what is -1 + -4976?
-4977
In base 3, what is -111001101 + -21?
-111001122
In base 16, what is 63 + -1a4?
-141
In base 13, what is -663 - 8?
-66b
In base 15, what is 9378 - -2?
937a
In base 15, what is -cc + -3?
-d0
In base 11, what is 0 - 136082?
-136082
In base 13, what is -16183 + -6?
-16189
In base 8, what is -26 - 1364?
-1412
In base 12, what is 968a - -144?
9812
In base 7, what is 165 + -42032?
-41534
In base 7, what is -1 + -133602?
-133603
In base 13, what is c + -35bc?
-35b0
In base 5, what is 2001430404 + 0?
2001430404
In base 6, what is 11233 + 2430?
14103
In base 15, what is 4c9 - -3?
4cc
In base 6, what is -244 + 1141252?
1141004
In base 9, what is 2711 - -2061?
4772
In base 5, what is -2 - -1310123?
1310121
In base 16, what is d + eff?
f0c
In base 8, what is 5241001 - -3?
5241004
In base 7, what is -12360 - 230?
-12620
In base 2, what is -11 - 10000011101?
-10000100000
In base 12, what is 45 - 378?
-333
In base 5, what is 2012143342 - 1?
2012143341
In base 15, what is -9190a - 2?
-9190c
In base 9, what is 5150 + 463?
5623
In base 2, what is -10011101100110011 - -100?
-10011101100101111
In base 8, what is 742 + -23555?
-22613
In base 8, what is 3365 - 22?
3343
In base 5, what is 10403020 - 134?
10402331
In base 16, what is -4d68 + 1d?
-4d4b
In base 2, what is 11 - -101111000101011000?
101111000101011011
In base 9, what is 84131 - -1?
84132
In base 15, what is 5 + c5?
ca
In base 5, what is -10 + -14333434?
-14333444
In base 14, what is 1 - -10d8d3?
10d8d4
In base 15, what is 15 - 8c8d?
-8c78
In base 10, what is -7 + -531885?
-531892
In base 6, what is 104430 - 34?
104352
In base 12, what is 0 - 1503?
-1503
In base 11, what is -5 + -22245?
-2224a
In base 12, what is 1617 + 6?
1621
In base 10, what is -1159 - 344?
-1503
In base 7, what is -10426 + -36?
-10465
In base 11, what is 4 + -12954?
-12950
In base 8, what is 737722 - 2?
737720
In base 5, what is 2210 + -1121?
1034
In base 2, what is 110010 + -1000010001110?
-1000001011100
In base 5, what is -112110 - 1022?
-113132
In base 12, what is -144896 - 5?
-14489b
In base 4, what is 13113113 + 330?
13120103
In base 12, what is -61769 + -3?
-61770
In base 16, what is 376 - 1?
375
In base 9, what is 40 + -1476?
-1436
In base 2, what is -101 - 10000100111000100001?
-10000100111000100110
In base 8, what is -276 - -246?
-30
In base 10, what is 94 + 198?
292
In base 3, what is 11222 + -2210020?
-2121021
In base 4, what is -23212 - 2233?
-32111
In base 3, what is -10220002201220 - -11?
-10220002201202
In base 6, what is -32221 + -203?
-32424
In base 13, what is -5 + -5b59?
-5b61
In base 5, what is -21341233 + 2?
-21341231
In base 16, what is -8f + 313?
284
In base 5, what is -2022144440 - 10?
-2022200000
In base 11, what is -2 - 3441?
-3443
In base 11, what is -564 - -9702?
9149
In base 6, what is 2 - 22353055?
-22353053
In base 6, what is -4 + 2040243?
2040235
In base 10, what is 1492 - 988?
504
In base 11, what is 1 - 6783?
-6782
In base 15, what is c5b - -15c?
db8
In base 15, what is 3 - 5ae?
-5ab
In base 13, what is -20799 - -b?
-2078b
In base 5, what is -210 - 10432?
-11142
In base 13, what is 47a - -a6?
553
In base 8, what is 7631 + 76?
7727
In base 9, what is 8483 + 174?
8667
In base 4, what is 212 - 101?
111
In base 4, what is -101 + -131202001?
-131202102
In base 11, what is -10 + -51604?
-51614
In base 7, what is -3622 + -461?
-4413
In base 7, what is -6300 + -26?
-6326
In base 7, what is 5 - 542265?
-542260
In base 13, what is -1c93c - -4?
-1c938
In base 7, what is 432 + -40335?
-36603
In base 2, what is -11001 - 10011110011011111?
-10011110011111000
In base 11, what is 133 - -842?
975
In base 14, what is -cc9 + -a?
-cd5
In base 8, what is 11 + 6303?
6314
In base 15, what is 5b4 + 90?
654
In base 8, what is -12 - -20732?
20720
In base 15, what is -70b + -46?
-752
In base 4, what is 231213101 + -11?
231213030
In base 9, what is -34028 - -62?
-33856
In base 9, what is -1 - 170447?
-170448
In base 15, what is 165d8 + 3?
165db
In base 2, what is 110 + 100111010100?
100111011010
In base 3, what is -10121212 + 0?
-10121212
In base 13, what is -7856 - -39?
-781a
In base 10, what is 56 + 911?
967
In base 8, what is -21336 - -3?
-21333
In base 13, what is -149 + b6?
-63
In base 6, what is -3 + 30215?
30212
In base 6, what is -2 - 25104345?
-25104351
In base 13, what is bb + -515?
-427
In base 12, what is -3 + -475223?
-475226
In base 13, what is 26 - 805?
-7ac
In base 2, what is 1001111000 - -1000111011011?
1010001010011
In base 14, what is 22443 + 3?
22446
In base 15, what is 6 - -183bc?
183c3
In base 3, what is -12 - -101222012020?
101222012001
In base 5, what is -4 + 42224?
42220
In base 13, what is -181 + 956?
7a5
In base 2, what is -1000101111111 - -110010?
-1000101001101
In base 8, what is 10353 - 146?
10205
In base 16, what is -d6d - -1?
-d6c
In base 14, what is 7 - 1aa8c?
-1aa85
In base 6, what is 1511042 - -11?
1511053
In base 14, what is 25 - 1b1?
-18a
In base 15, what is -8 + -9c321?
-9c329
In base 15, what is -bb + -497?
-563
In base 15, what is -7 - e196?
-e19d
In base 13, what is 3 + 32aba?
32ac0
In base 2, what is -10011000110100101 - -10?
-10011000110100011
In base 15, what is -1 - -32d98?
32d97
In base 6, what is 2 - -10413033?
10413035
In base 15, what is -18 + -1ee?
-217
In base 9, what is -2 - 12611?
-12613
In base 5, what is -41 + 4123303?
4123212
In base 14, what is db461 - -2?
db463
In base 7, what is -61136 - 14?
-61153
In base 11, what is 368994 + 0?
368994
In base 14, what is 653 + 13c?
791
In base 5, what is 0 - -10013114?
10013114
In base 8, what is -51 - -12427?
12356
In base 6, what is -103531 + -23?
-103554
In base 8, what is 1520 - 1530?
-10
In base 16, what is -4 + -352d?
-3531
In base 6, what is -104351 - -2?
-104345
In base 6, what is -3 + 52245?
52242
In base 5, what is -101 + 12222013?
12221412
In base 10, what is -1 - -13146?
13145
In base 5, what is -3010 + -133?
-3143
In base 11, what is -aaa - 874?
-1873
In base 14, what is 2 - -934b0?
934b2
In base 14, what is 266234 - -3?
266237
In base 7, what is -254001 + -4?
-254005
In base 11, what is -4 + a5aa?
a5a6
In base 9, what is -22563 - -15?
-22547
In base 14, what is -1a - 3481a?
-34836
In base 15, what is 5 - a1e08?
-a1e03
In base 15, what is 62c - -20?
64c
In base 3, what is -1 - 2001001?
-2001002
In base 16, what is -2a75b - 0?
-2a75b
In base 13, what is 1cbb7c3 + -5?
1cbb7bb
In base 7, what is -116362 - -5?
-116354
In base 10, what is 0 + -48473?
-48473
In base 10, what is 657 + 320?
977
In base 14, what is -160a + -1?
-160b
In base 2, what is -1100001001 + -1011011?
-1101100100
In base 15, what is -1c - 7?
-24
In base 14, what is -2 + -538d1?
-538d3
In base 14, what is 945d + 6?
9465
In base 3, what is -1012220010 + -11?
-1012220021
In base 13, what is 2 - 7414?
-7412
In base 8, what is -111 - -14270?
14157
In base 7, what is -10235 + 1304?
-5631
In base 13, what is 0 + -47b12c?
-47b12c
In base 12, what is -33404 + 0?
-33404
In base 2, what is -1011100101 + 100101?
-1011000000
In base 12, what is 66a5 + 6?
66ab
In base 8, what is 413374 + 1?
413375
In base 6, what is -31 + -103334?
-103405
In base 13, what is -16 + 7227c?
72266
In base 15, what is 1d9ca - -5?
1d9d0
In base 5, what is -2110 + 421?
-1134
In base 3, what is 10211201 - -10122?
10222100
In base 2, what is -110001 - -100010?
-1111
In base 2, what is 1010 + -110100011?
-110011001
In base 9, what is 66422 - -7?
66430
In base 10, what is